ase 14?
2
0 (base 9) to base 7
0
0 (base 3) to base 9
0
Convert 2a (base 14) to base 3.
1102
Convert 150 (base 8) to base 9.
125
Convert 5b (base 16) to base 14.
67
Convert -b (base 14) to base 12.
-b
Convert 4 (base 9) to base 10.
4
9 (base 16) to base 7
12
-59 (base 11) to base 2
-1000000
-1 (base 5) to base 8
-1
Convert 72 (base 9) to base 2.
1000001
Convert 2a (base 15) to base 2.
101000
4b (base 13) to base 9
70
Convert 11 (base 3) to base 2.
100
-1 (base 10) to base 2
-1
What is 12c (base 14) in base 5?
1421
What is -3d (base 14) in base 2?
-110111
What is 58 (base 15) in base 4?
1103
What is 446 (base 8) in base 7?
600
Convert -2 (base 7) to base 14.
-2
-635 (base 7) to base 2
-101000000
Convert 1 (base 11) to base 4.
1
1 (base 11) to base 7
1
What is -171 (base 9) in base 6?
-401
5 (base 11) to base 14
5
What is 11 (base 4) in base 3?
12
What is -2 (base 9) in base 11?
-2
What is -1 (base 7) in base 15?
-1
What is -1 (base 7) in base 2?
-1
-6 (base 14) to base 12
-6
Convert -31 (base 7) to base 11.
-20
-4 (base 15) to base 4
-10
Convert -2 (base 3) to base 10.
-2
3 (base 11) to base 3
10
Convert -3 (base 15) to base 9.
-3
-4 (base 5) to base 3
-11
-10 (base 7) to base 15
-7
-3 (base 11) to base 15
-3
Convert 4 (base 8) to base 10.
4
Convert 1 (base 12) to base 8.
1
What is -1 (base 7) in base 8?
-1
376 (base 8) to base 12
192
-302 (base 4) to base 6
-122
What is -2010 (base 3) in base 4?
-321
-10010 (base 2) to base 15
-13
1230 (base 6) to base 12
216
What is 2 (base 12) in base 14?
2
What is -12 (base 10) in base 11?
-11
1010 (base 2) to base 6
14
What is -1220 (base 3) in base 13?
-3c
Convert 12 (base 3) to base 4.
11
59 (base 10) to base 5
214
-14 (base 15) to base 2
-10011
What is 10 (base 3) in base 15?
3
What is 10 (base 12) in base 9?
13
What is -211 (base 5) in base 13?
-44
Convert a (base 13) to base 4.
22
What is 7 (base 13) in base 8?
7
What is -3 (base 5) in base 7?
-3
-6 (base 11) to base 3
-20
Convert -4 (base 7) to base 9.
-4
-5 (base 12) to base 14
-5
10 (base 4) to base 3
11
Convert 53 (base 16) to base 12.
6b
Convert -84 (base 14) to base 7.
-224
Convert -2021 (base 3) to base 12.
-51
-175 (base 9) to base 11
-126
What is 8 (base 11) in base 16?
8
-58 (base 9) to base 4
-311
What is -2013 (base 5) in base 10?
-258
29 (base 14) to base 7
52
What is 15 (base 8) in base 2?
1101
Convert -292 (base 11) to base 5.
-2333
What is -11 (base 2) in base 8?
-3
Convert 11 (base 3) to base 7.
4
What is -312 (base 4) in base 8?
-66
What is 3 (base 11) in base 13?
3
What is -2 (base 10) in base 5?
-2
What is 0 (base 7) in base 3?
0
Convert -2 (base 10) to base 14.
-2
-99 (base 12) to base 10
-117
2 (base 15) to base 8
2
Convert 2 (base 8) to base 15.
2
-16 (base 8) to base 7
-20
What is 6 (base 16) in base 7?
6
-3 (base 14) to base 6
-3
-1 (base 9) to base 15
-1
Convert 0 (base 2) to base 8.
0
What is 5 (base 6) in base 10?
5
What is 1 (base 13) in base 11?
1
What is 34 (base 5) in base 10?
19
24 (base 9) to base 4
112
What is 200 (base 3) in base 13?
15
-4 (base 10) to base 9
-4
Convert 5 (base 9) to base 14.
5
Convert -35 (base 14) to base 7.
-65
-3 (base 15) to base 6
-3
Convert 51 (base 15) to base 8.
114
Convert -11211 (base 3) to base 14.
-94
26 (base 7) to base 12
18
What is 16 (base 10) in base 6?
24
-e2 (base 15) to base 13
-134
What is -60 (base 8) in base 13?
-39
Convert -432 (base 6) to base 9.
-202
Convert -3 (base 6) to base 5.
-3
What is -33 (base 5) in base 12?
-16
111 (base 3) to base 16
d
Convert 59 (base 16) to base 10.
89
Convert 41 (base 5) to base 2.
10101
Convert -54 (base 9) to base 5.
-144
What is 69 (base 14) in base 15?
63
Convert 534 (base 7) to base 10.
270
Convert -211 (base 3) to base 5.
-42
What is -10 (base 3) in base 15?
-3
0 (base 6) to base 10
0
What is 0 (base 10) in base 14?
0
Convert 331 (base 4) to base 11.
56
Convert -2212 (base 3) to base 6.
-205
What is 2 (base 13) in base 10?
2
213 (base 4) to base 5
124
What is 22 (base 4) in base 10?
10
1212 (base 3) to base 8
62
What is 1122 (base 3) in base 16?
2c
Convert -11 (base 16) to base 14.
-13
2e (base 16) to base 12
3a
Convert 101100 (base 2) to base 12.
38
Convert -72 (base 9) to base 4.
-1001
Convert -1 (base 5) to base 4.
-1
Convert 10121 (base 4) to base 8.
431
0 (base 3) to base 2
0
What is -2 (base 10) in base 9?
-2
Convert 142 (base 6) to base 8.
76
6 (base 11) to base 16
6
What is -230 (base 4) in base 5?
-134
Convert -142 (base 5) to base 3.
-1202
Convert -184 (base 9) to base 12.
-111
Convert -3 (base 4) to base 12.
-3
a (base 11) to base 9
11
What is 14 (base 14) in base 5?
33
What is 1 (base 9) in base 11?
1
What is 11 (base 5) in base 3?
20
Convert 34 (base 8) to base 13.
22
What is -53 (base 8) in base 14?
-31
12 (base 4) to base 16
6
-9 (base 15) to base 6
-13
-8 (base 13) to base 10
-8
What is 0 (base 16) in base 5?
0
What is -1 (base 10) in base 2?
-1
Convert -3 (base 13) to base 6.
-3
Convert -1 (base 14) to base 8.
-1
What is 122 (base 5) in base 7?
52
What is 2 (base 11) in base 6?
2
What is 204 (base 6) in base 10?
76
-3a (base 14) to base 11
-48
What is -10 (base 6) in base 14?
-6
Convert -326 (base 7) to base 14.
-bd
Convert -b (base 16) to base 12.
-b
What is -2 (base 12) in base 16?
-2
Convert 8 (base 10) to base 8.
10
Convert -2 (base 16) to base 9.
-2
-1 (base 12) to base 2
-1
-230 (base 4) to base 3
-1122
What is -13 (base 4) in base 13?
-7
-1 (base 16) to base 9
-1
What is 0 (base 12) in base 16?
0
Convert 16 (base 15) to base 8.
25
What is -132 (base 13) in base 11?
-181
2 (base 4) to base 9
2
What is 31 (base 4) in base 7?
16
-49 (base 15) to base 5
-234
Convert -133 (base 5) to base 4.
-223
-3 (base 9) to base 2
-11
-18 (base 12) to base 13
-17
Convert -11 (base 11) to base 14.
-c
What is 242 (base 9) in base 4?
3020
3b (base 15) to base 14
40
-100 (base 3) to base 5
-14
What is -6 (base 9) in base 4?
-12
What is -a8 (base 14) in base 12?
-104
6 (base 9) to base 5
11
What is -51 (base 11) in base 3?
-2002
40 (base 6) to base 16
18
What is -317 (base 9) in base 6?
-1111
What is e (base 15) in base 8?
16
What is -100 (base 3) in base 6?
-13
Convert -7 (base 8) to base 7.
-10
-163 (base 13) to base 6
-1054
4 (base 16) to base 10
4
What is -3 (base 6) in base 12?
-3
2 (base 12) to base 7
2
Convert -3 (base 11) to base 8.
-3
26 (base 8) to base 7
31
What is 61 (base 9) in base 16?
37
Convert 5 (base 10) to base 3.
12
-1103 (base 5) to base 2
-10011001
-1000 (base 2) to base 7
-11
Convert 36 (base 10) to base 2.
100100
What is 1 (base 11) in base 8?
1
What is 210 (base 4) in base 16?
24
What is -3 (base 7) in base 6?
-3
-10220 (base 3) to base 5
-410
-3 (base 8) to base 15
-3
What is -3 (base 6) in base 10?
-3
Convert 2 (base 7) to base 5.
2
-20 (base 5) to base 3
-101
What is -12 (base 7) in base 2?
-1001
What is -ff (base 16) in base 5?
-2010
-101 (base 4) to base 12
-15
-5b (base 13) to base 14
-56
232 (base 7) to base 2
1111001
Convert 24 (base 10) to base 6.
40
Convert 35 (base 14) to base 11.
43
What is -d (base 15) in base 13?
-10
Convert 2 (base 7) to base 15.
2
What is 0 (base 10) in base 7?
0
What is 30 (base 11) in base 15?
23
38 (base 12) to base 2
101100
Convert -3 (base 14) to base 2.
-11
What is -5 (base 8) in base 16?
-5
What is -330 (base 4) in base 9?
-66
Convert -1000 (base 2) to base 14.
-8
-2 (base 5) to base 15
-2
-83 (base 12) to base 4
-1203
What is -323 (base 5) in base 14?
-64
Convert 1 (base 2) to base 9.
1
-1100011 (base 2) to base 13
-78
What is 0 (base 12) in base 10?
0
Convert -5 (base 12) to base 9.
-5
Convert -5 (base 10) to base 7.
-5
-43 (base 5) to base 3
-212
Convert -1 (base 12) to base 3.
-1
2 (base 11) to base 2
10
15 (base 12) to base 16
11
What is -18 (base 10) in base 15?
-13
Convert 5 (base 8) to base 3.
12
What is 3 (base 10) in base 9?
3
What is 2 (base 16) in base 15?
2
233 (base 7) to base 16
7a
Convert 12 (base 4) to base 15.
6
10 (base 6) to base 4
12
What is 3 (base 8) in base 3?
10
Convert -109 (base 16) to base 12.
-1a1
Convert 4 (base 7) to base 5.
4
-5c (base 15) to base 12
-73
What is 11 (base 12) in base 8?
15
Convert -25 (base 8) to base 3.
-210
8 (base 16) to base 11
8
Convert -3 (base 15) to base 14.
-3
What is d5 (base 14) in base 11?
160
Convert -6 (bas